Is m(j) composite?
False
Suppose 452768 = 181*n - 3416469. Is n prime?
True
Let u = 14688 + -3857. Is u a prime number?
True
Is (((-1038499112)/(-84))/38)/((-2)/(-6)) composite?
False
Let w = -101170 + 173703. Is w a prime number?
True
Suppose -768 = -3*f - 3*q, q = 8*f - 11*f + 770. Let v = 511 - f. Is v a composite number?
True
Let j(v) be the second derivative of 289*v**5/20 + v**4/12 + v**3/3 - 5*v**2/2 - v. Suppose -2*m - 8 = 0, 0 = p - m + 2*m + 2. Is j(p) a prime number?
False
Suppose 40552 = 14*v - 22*v. Let h = v - -9772. Is h a prime number?
True
Suppose 75*p + 55*p - 10095266 = 48*p. Is p composite?
False
Let p = 350 + 100. Suppose 0*x - 5*x - p = 0. Let d = x - -251. Is d composite?
True
Let n(c) = 24*c**3 - c**2 - 13*c + 18. Let q be n(5). Suppose -9*f + 10011 = q. Is f prime?
True
Let i(f) = f**3 - 13*f**2 - 16*f - 18. Suppose 2*g - 60 = -4*c, -55 = 2*g - 6*g + 5*c. Is i(g) a prime number?
False
Suppose -l - 5*l = 3*l. Suppose l*c - 12*c = -29148. Is c prime?
False
Let q(l) = 1036*l + 3291. Is q(106) composite?
True
Let p(m) = 4391*m. Let i = -208 + 115. Let w = i - -94. Is p(w) composite?
False
Let u = 70 - 75. Let b be (-8 - (1 + u)) + 5. Is 2356 + (1 - (b - 3)) a prime number?
False
Suppose -28476 = 9*z - 15*z. Suppose -123*j = -129*j + z. Is j prime?
False
Suppose -197*m - 5903947 = -214*m. Is m composite?
True
Suppose -12 = -3*x, -2*x = -3*k - 6*x - 290. Let t = -33 - k. Is t + 6 + -4 - (-1 - -1) a composite number?
False
Let p(y) = y**3 + 13*y**2 - 29*y + 19. Let w be p(-15). Is w/(-3)*(-33)/(-22) + 28081 a prime number?
False
Is (30/(-8))/(480/(-7192960)) composite?
True
Suppose -9*t + 180 = -21*t. Let u(q) = -1219*q - 22. Is u(t) prime?
False
Let t(c) = 3*c**2 - 24*c - 9. Let h be t(9). Suppose 23*q - h*q - 13615 = 0. Is q a prime number?
False
Suppose 0 = -5*k - 15, -5*l - 39 = -9*l + 5*k. Suppose l*y = -0*y + 13998. Is y a prime number?
True
Let n(d) = -187*d**2 + 5*d - 4. Let l be n(7). Let z = l + 4368. Is z/(-5) + 11/55 prime?
True
Suppose 0 = -4*h + 4*z + 24, -5*h - 4*z = -28 - 2. Let b(p) = 2*p**3 + 9*p**2 - 14*p + 61. Is b(h) a prime number?
True
Let k be 22 + 6/(-9)*-6. Let g = k + -25. Is (-2 + g)/((-2)/3974) a prime number?
True
Let c = 120880 - 66747. Is c prime?
True
Let v = 410 - 404. Let b be (-4)/(-10) - (-7752)/20. Let h = b - v. Is h prime?
False
Is (-3)/(-14) - (-16393575)/2310 composite?
True
Suppose -u + 0*u - 32 = 0. Let y = u + 36. Suppose 0 = -y*f + 606 + 1334. Is f composite?
True
Let r(y) = y**2 - 22*y + 59. Let s be 6/(-21) - 710/(-35). Is r(s) composite?
False
Suppose -l - 60 = -63. Let b = -163 - -163. Suppose -3*k - 18964 = -4*g, 4*g + l*k - 10837 - 8127 = b. Is g composite?
True
Suppose -42*j - 512404 = -43*j + 5*p, 0 = 4*j + p - 2049679. Is j a composite number?
False
Suppose 103*a - 1212708 = 19*a. Is a a prime number?
True
Let c(l) = -37*l**2 - 45*l - 38. Let w be c(38). Is 200/52 - 4 - w/26 prime?
False
Suppose 0 = -0*a - a + 2. Suppose -6*v = 15624 - 84384. Suppose -a*m = 4*s - v, 2*s - 5*s - 2*m = -8597. Is s a prime number?
False
Suppose 1396251 = -71*d + 98*d. Is d a composite number?
False
Let m = 57 - 19. Let i = -35 + m. Suppose 408 + 815 = i*t + 2*j, -2*t + 807 = 3*j. Is t composite?
True
Let g(w) = w - 35. Let z be g(-10). Let n = z - -168. Let a = n + -92. Is a a prime number?
True
Let i be (4 - (1 + 1)) + 4. Let j be 1/1 - (-1 + -2). Is (33/i)/(j/136) a prime number?
False
Suppose -3*z + 3*j + 15 = j, 4*z - 5*j - 27 = 0. Suppose -4*h = 8, 4*d + z*h - 26 + 4 = 0. Suppose -179 = d*f - 4281. Is f prime?
False
Let h = 53647 - 38046. Is h composite?
False
Let i = -1151561 - -1707790. Is i a composite number?
False
Let k be (7 + -38)/(4/(-84)). Let d = 14 + 3. Suppose d*f - k = 14*f. Is f a prime number?
False
Suppose 2*l - 7 = -1. Let s(r) = -1 - 10 - l + 3 - 13*r. Is s(-10) a prime number?
False
Let o(m) = -6737*m - 44. Let t be o(1). Let y = t + 12812. Is y composite?
True
Let t(f) = 100941*f - 236. Is t(17) prime?
True
Let h be (-43005)/(-35) + (-54)/(-42). Suppose -2220 = -4*b - 4*l, l + 24 + 535 = b. Let y = h - b. Is y a prime number?
True
Let f be (3*1)/(54/(-306)). Let z be 2 - (f/(-2) + 2/4). Let v(a) = -169*a + 34. Is v(z) composite?
False
Suppose 4*p = c + 8648, -6*p = c - 4*p + 8654. Let b = c - -27151. Is b composite?
True
Suppose -2*g + 0*g - 38 = -2*h, -3*h + 5*g = -67. Suppose -11*j + h*j = 18. Suppose 0 = -j*d + 4*d + 92. Is d composite?
True
Let z = 255404 - 132963. Is z a composite number?
True
Let j(m) = m**3 + 12*m**2 + 12*m + 13. Let c be 22/(-8)*(-21 + 25). Let u be j(c). Suppose 2*o + 2*z - 678 = 0, 3*o - u*o - z - 335 = 0. Is o composite?
False
Suppose 6*p - 46642 = -5*l + 2*p, 0 = l - 3*p - 9317. Suppose -6*v + 32954 = l. Is (v/6)/((-17)/(-51)) composite?
True
Let n(f) = -251*f**3 - f**2 + 10*f - 1. Let b(y) = y**2 + 3*y - 31. Let z be b(-7). Is n(z) a prime number?
True
Suppose 4*z = g - 22099, g - 17981 = -4*z + 4158. Suppose -5834 = 3*w + 4*b - g, -5*w + 27170 = b. Is w prime?
False
Suppose 326*v = 336*v - 3700. Suppose 366*l = v*l - 9628. Is l a composite number?
True
Let z = 3164 - 1428. Suppose 0 = -5*h - 3*r + 11015, -r + z = 3*h - 4873. Is h a prime number?
True
Is -2*1 + 8 + (-22 - -44 - -8671) a prime number?
True
Suppose 0 = 5*m - 2*o - 807, -5*o = m - 0*o - 183. Suppose -169*x + m*x + 65442 = 0. Is x composite?
True
Let a = -205 + 75. Let y = -121 - a. Suppose y = -3*r, -g + 2*r = 4*g - 11021. Is g composite?
False
Suppose 3*p = -4*d + p + 136, d - 24 = -3*p. Suppose -f + d = f. Suppose -f*t - 1535 = -23*t. Is t prime?
True
Is ((-3)/9)/(2/(-1543)*(-86)/(-516)) a composite number?
False
Let z = -30 + 35. Suppose -11*a + 6485 = -10*a + 2*y, z*a - 32397 = 4*y. Is a composite?
False
Let a(y) = 14*y - 5*y**2 + 9 - 3*y**3 + 2*y**3 - 4*y. Suppose 7*f + 46 = -10. Is a(f) composite?
True
Let n(m) = 4. Let b(l) = 8*l - 165. Let f(d) = b(d) + 3*n(d). Is f(28) prime?
True
Let c = 295762 - 104349. Is c a prime number?
True
Let s(y) = 158*y - 55. Let c be (-6)/((-12)/94) + 2. Let q = -40 + c. Is s(q) composite?
False
Suppose 5*v + 4*n - 796172 - 204671 = 0, -4*n = 7*v - 1401169. Is v a composite number?
True
Let w be ((-63)/35)/(6/(-20)) - -98. Suppose w*z - 90*z = 234206. Is z a composite number?
False
Suppose 3*t - 662 = 5*v - 53, -4*v = -2*t + 408. Suppose k - t = 41. Suppose 0 = j + j - a - k, 0 = j + 5*a - 136. Is j composite?
True
Let p(t) = 147*t + 331. Is p(4) composite?
False
Let v = -1604177 - -2507916. Is v prime?
False
Let l(w) = 535*w**2 + 8*w + 9. Let y(i) = -i**2 + i + 1. Let o(a) = l(a) - 5*y(a). Let s(n) = -2*n**2 - 47*n - 67. Let t be s(-22). Is o(t) prime?
True
Let h = 1696803 + -991414. Is h a composite number?
False
Let m(n) = 2886*n**2 - 175*n - 32. Is m(6) a prime number?
False
Suppose -17*w + 433473 = 4*w - 1111266. Is w composite?
True
Let s = 68453 + -46402. Is s prime?
True
Let y(v) = 85*v**2 + 15*v + 51. Let p(o) = 43*o**2 + 8*o + 25. Let f(w) = 7*p(w) - 3*y(w). Is f(12) composite?
True
Let k(f) = -98*f - 145. Let t be k(5). Let y = -142 - t. Is y a composite number?
True
Is 1994751/22 + ((-56)/(-16) - (7 - 4)) composite?
True
Let k = 56763 + 7304. Is k composite?
False
Suppose 0 = 2*l - m - 4, m - 6 = 4*l - 16. Suppose 6572 - 289 = l*g + 2*v, -4*v - 2099 = -g. Is g a prime number?
False
Suppose -k + 11*o - 3 = 8*o, 2*k + 4*o = 24. Suppose -k*h + 5061 + 1749 = 0. Is h a prime number?
False
Suppose 4*b = 3*w - 5, 3*w - 3 = 3*b + 6. Let r be w*((-100)/(-35))/4. Suppose 0 = r*k - 0*k - 3*u - 122, -3*k = 2*u - 77. Is k prime?
False
Let f = -386 + 683. Let q be 1/((-3)/12*-1) - f. Let b = 6 - q. Is b prime?
False
Let u be (-50)/(-10)*27/1. Let h = u - 314. Is ((-4)/(-6 - -2) - 2)*h composite?
False
Let q = 52167 - -54554. Is q prime?
True
Suppose -4*x - 3411545 = -5*w, -79*w = -75*w - 2*x - 2729242. Is w composite?
True
Let r be 3 - (10 + (-4 - 0)). Let k(v) = -132*v**3 + 3*v**2 - v - 1. Is k(r) a composite number?
False
Suppose c - u = 2098, -5*c - 4*u + 4710 + 5807 = 0. Suppose -c = -2*o - 9*o. Is o a prime number?
True
Suppose 11780 = -5*x + 2*g, -7*x + 3*g + 4693 = -9*x. Let v = 5285 - x. Is v prime?
True
Is (-3 - (-300)/8)*34264/12 composite?
True
Suppose 3*w - 374214 = -t, 23*t - 374229 = -3*w + 27*t. Is w prime?
True
Let j(